-3 - -7) + -7 - 2) + 2
-8
What is (29 - 11) + -6 + 1 + (-277 - -273)?
9
Evaluate -96 + 79 + (-35 - -24).
-28
Calculate 1 - 1 - -2 - (99 + -6 - 40).
-51
What is the value of -5 + 4 + -99 + (7 - 5)?
-98
What is (-3 + 2 - (6 - 5)) + 12 + 1 + -7?
4
Calculate 21 + (-12 - 1) + (16 - 31).
-7
6 + (-17 - -9 - -14) + -61
-49
Evaluate -8 + (20 - (-10 + (1 - -3 - 2))).
20
11 - (40 + -10 + 51 + -15 + -1 + 3)
-57
What is -4 + (6 + (23 - 7) - (1 - (3 - 5)))?
15
What is the value of -9 + (-37 - -28 - (-4 + 5))?
-19
Evaluate (14 - (0 - -2 - (-99 - -86))) + -41.
-42
What is the value of -1 + 0 - (-4 - (-21 + -13 + -11 + 19))?
-23
What is the value of 11 + 18 - (22 + (3 - 65))?
69
-315 + 69 + 238 + (2 + 23 + 1 - 0)
18
What is the value of -855 + 838 + 0 + -2 + -35?
-54
Evaluate (-9 - 23) + 9 + (-25 - -29) + 1 + -4.
-22
14 + 0 + -11 + 14 + -11 + -11
-5
Calculate (-60 - -1 - (429 - 420)) + 29.
-39
Evaluate (683 - 709) + -2 + 68 + (13 + 3 - 3).
53
Calculate 69 + -46 - (58 - -6) - -95.
54
Calculate (-14 - (24 - 33)) + -10 + -3 + -94.
-112
Calculate 44 - ((8 - -30) + -20) - -1.
27
What is the value of 42 + 1 - (71 - (101 - 4))?
69
-29 - -5 - 2 - (0 + -9)
-17
What is the value of (49 - 12) + 102 + -34 - -6?
111
Calculate -92 + (51 - (-26 - (23 - 77))).
-69
Evaluate (8 - 1) + (102 - 115) - (0 + (-5 - -9)).
-10
What is -4 + ((19 - 42 - -30) + -6 - (11 - 1))?
-13
Evaluate 1 + (14 - -1) - (509 + -501) - 9.
-1
Calculate 0 + -11 + (-97 - (-61 + -68)).
21
Evaluate 6 - (0 - -1 - (8 + 97 + 0 + 7)).
117
25 - 19 - -140 - (-46 + 90)
102
4 + 39 + (-43 - -6) + 39
45
What is the value of -2 + -24 + 58 + -12 - (-11 - (4 + -3))?
32
What is the value of (0 - (-3 + 2 + -2)) + (-138 - -149)?
14
(0 - -8) + (-172 - -371) + -141
66
-78 - -109 - (-6 - -80)
-43
Evaluate -17 - (30 - -31 - 17).
-61
What is (-28 - 45) + -15 - -46?
-42
-2 + 19 + 14 + (-7 - -16 - 15)
25
What is the value of (-50 - (-63 - -28)) + 1 + 26?
12
Calculate -9 + 12 + -6 - (44 + -59).
12
What is -32 - (-108 - (-21 - 50))?
5
(-46 - 2) + -449 + 473 + 27
3
What is 51 + (8 + -2 - 6) + (-10 - (-8 - -6))?
43
What is the value of -69 + 92 + -18 + -1 + -9 + -63?
-68
(85 + -72 - -9) + 59
81
What is -24 + -1 + 19 + (157 - 73 - 101)?
-23
What is the value of -41 + (10 - (6 - (3 - -10)) - 5)?
-29
Evaluate -243 + 220 - (-59 - -4) - 10.
22
What is ((-66 - -54) + -90 - -46) + -1 + 10?
-47
What is -6 + 1 + -21 + 20 + 121?
115
(-16 - (-2 - 10) - -27) + (28 - 26)
25
What is the value of 0 + 2 + -12 - (35 - (28 + -12)) - -4?
-25
Calculate (251 - 265) + 36 + 1.
23
Calculate (-23795 - -23793) + 24 + 0.
22
Evaluate 6 - (10 + 16 - (-15 - -23)) - 51.
-63
What is the value of -65 - -88 - (14 + 23)?
-14
What is (61 + -83 - -15) + 23?
16
Calculate 97 + (46 - 36 - 48).
59
Evaluate (-455 - -430) + 14 + 100.
89
What is 20 + 9 - 7 - 11 - (-14 + (-91 - -15))?
101
What is (-21 - ((-4 - (-1 - 0)) + -11)) + 0?
-7
4 - ((2 - 5) + -10 - (116 + -189))
-56
Evaluate (7 - 17) + 24 + -21 - (-53 - 2).
48
Calculate -7 + (-23 - 2 - -6) + 3 + 2 + 2.
-19
-37 + (-31 - -8 - -72) + -113
-101
-404 + 531 + (0 + -8 - 21)
98
What is the value of 28 + (27 - (62 - 4))?
-3
Calculate (8 - (-16 + 15 + -5) - (5 + -3)) + -13.
-1
What is -94 + 64 + (-1 - -2 - 16)?
-45
What is 19 + -25 - (0 - 3) - (-21 - -121)?
-103
What is (-23 - 4 - 10) + (15 - -1) + -9?
-30
Calculate -15 - (3 - (44 - -43 - -29)).
98
What is the value of (17 - (24 - -11)) + (22 - 15)?
-11
What is the value of 11 + 94 + -93 - (-1 + 5)?
8
What is 43 - 149 - -126 - (1 - 28)?
47
What is the value of -34 - (-40 + (-21 - -23))?
4
Calculate (-43 - (-44 - -36) - -90) + 34.
89
Calculate (17 - 6) + (17 - 1).
27
Evaluate -3 - (10 - 58) - 18.
27
Evaluate 88 + -14 + (187 - 176) + (21 + -1 - 3).
102
What is the value of 6 + (-347 + 323 - (-68 + -1))?
51
What is the value of (-28 + -40 - -70) + (0 - 42)?
-40
Calculate 80 + (-76 + 73 - -18).
95
(15 - (3 - -3)) + (7 - (59 - (-26 + 7)))
-62
What is the value of (-565 - -547) + 0 + 0 + 1 + 4 + -6?
-19
What is the value of (16 - 1 - 12) + -45 + -18 + (0 - -4)?
-56
What is the value of -33 - (-3 + -46) - (99 - -2) - 3?
-88
Evaluate (1 - 60) + (0 + -8 - (-114 + 110 + -16)).
-47
Evaluate -36 + 19 + (4 - (16 + -2)).
-27
Evaluate (2 + -42 - (4 + -6)) + (8 - (-4 - -10)).
-36
Calculate 39 + -10 + 0 + -16 + (6 - -2).
21
-70 + 14 + 10 - -32
-14
(63 - (128 + -47)) + (-4 - -22) + -2
-2
Evaluate (-15 + 24 + -7 - 21) + -12.
-31
What is 2 + 6 - (2 + -3 - (93 - 92))?
10
Calculate 49 + 12 + (6 - -6) + -34 - (2 + -4).
41
Evaluate (18 - (17 - 16)) + (8 - 36 - -12).
1
What is (141 - 226) + -5 + 12 + 3 + -6?
-81
What is (8 + -61 - (-21 - -4)) + -12?
-48
Evaluate 25 + -41 + -1 + 35.
18
Calculate 6 + (8 - (30 + -5)) - (55 - (1 - 20)).
-85
What is 29 + -54 - -39 - (2 + -44)?
56
What is 93 + (-282 - (14 - 141))?
-62
What is the value of 176 + -85 + -137 + 43?
-3
What is (17 + (24 - 16) - 24) + -104 - 5?
-108
Calculate 4 - (22 - (-9 - -41)) - (-1 - -3).
12
Calculate 2 + (1 + 15 - (-12 - (-36 - -18))) + -160.
-148
What is 111 + -110 - 42 - 4?
-45
98 + 3 + 10 - -27
138
Evaluate (61 - 14) + (-7 - 5) + (-20 - -17).
32
15 - (-2 - (7 - 12) - 0 - 12)
24
Calculate -4 - -17 - ((29 - 25) + -60).
69
Evaluate 206 + -292 - (48 - 228).
94
What is -1 - 21 - (4020 - 4023)?
-19
Calculate (-128 - -23) + 11 - -53.
-41
What is the value of -6 + -133 + 21 + 2 + 30?
-86
What is the value of 73 - 20 - (-20 - -99)?
-26
Evaluate 89 - (31 + 12 + 15) - (1 + -19).
49
What is -2 + (8 - (-9 + 9)) - (5 - -21)?
-20
What is the value of -3 + (-2 - 13) + -7 + 16 + -3 + -5?
-17
Calculate -65 + 6 - ((-11 - -16) + (-7 - 3)).
-54
Calculate 33 + -40 + 19 + (1 - -17).
30
Evaluate 0 + -29 + 40 - 61.
-50
Evaluate -9 + (1 + -21 - (1 - -13 - 17)) - 9.
-35
Calculate (66 - 76) + 8 + -29 + 15 + -1.
-17
What is -535 + 517 - (0 + 7 + -123)?
98
122 + -106 + (39 - -7)
62
What is the value of (5 + -11 - -33) + -33?
-6
Evaluate -155 + -154 + 47 + 211.
-51
What is the value of -28 + -4 + -13 + 32 + (61 - 1)?
47
What is the value of -11 - ((0 - -23) + (34 - 50))?
-18
77 + (36 + 1 + -24 - ((14 - 6) + -3))
85
-56 + (116 - 9) + (-16 - -3)
38
What is the value of -37 + 13 + -5 - (-86 + 26)?
31
What is the value of -18 - (48 - 144) - 23?
55
Evaluate 0 - 14 - (-3 - -45 - 18 - (26 - 7)).
-19
Calculate (-47 - 0) + (-27 + (15 - -2) - -1) - -3.
-53
What is the value of -8 + (-23 + 36 - (-9 + 2 + -7))?
19
What is 6 - -167 - (884 - 814)?
103
Evaluate (49 - 52) + 7 + 47.
51
What is the value of -2464 + 2435 + -23 + (-1 - 1)?
-54
What is the value of -54 - (-6 + 12 + 5 + -10 - (-1 + 5))?
-51
(-11 - 15 - -55) + -55 - (-1 + 1)
-26
What is the value of -7 - (0 + 5 - (-25 + (14 - -8)))?
-15
-97 - -43 - -67 - 58
-45
What is 5 - (-44 - (13 - 158))?
-96
What is the value of 140 + -92 + (-3 - -21 - 7 - 20)?
39
Evaluate -22 - (-86 - -44) - -26.
46
What is -62 - (21 + -14 + -24)?
-45
-4 + 1 + 1 - ((18 - 1) + -7)
-12
Calculate -26 + -2 - (99 + -16 + -28).
-83
Calculate 47 - (306 + -276 - (6 - -2)).
25
-68 + 50 + (-8 - 37)
-63
What is the value of 12 + 3 - (-6 - (28 + -31))?
18
What is 18 + (12 + -8 - -1 - (-6 + 25))?
4
(-38 - -1) + (-21 - (29 + -25))
-62
What is the value of -36 + -45 + -1 + 2?
-80
Evaluate -53 - (-17 - (-13 + 15 + -5)).
-39
-64 + (0 + -30 - (-37 - -32))
-89
6 - -5 - 9 - ((104 - 34) + 2)
-70
Evaluate (-5 - -26) + -9 + 3 + -53.
-38
15 + (32 - 14 - 35) + -15 + 64
47
What is the value of 29 + -29 + (-21 - (-20 - 6)) + -51?
-46
What is the value of 0 + (0 - 11) - (-68 + (34 - -47))?
-24
What is the value of -2 + 34 + -166 + 99 + 43?
8
What is -2 + 3 - ((-11 - (-3 + 9 - 31)) + 3)?
-16
What is the value of -8 - (-64 + 49 + -15)?
22
Calculate 16 + (-13 - -4) + 233 + -218.
22
-17 + -144 + (94 - -2)
-65
What is the value of 84 + -126 + -120 + 107?
-55
1 + (-49 - -82) + 10 + -2
42
Evaluate -16 + (-59 + (10 - 20 - -12) - -10).
-63
Calculate 56 - 31 - 19 - (4 + -3 + -2).
7
What is -37 + 14 + (7 - 6 - 3) + -16?
-41
Calculate (-3 - -24) + (-52 - -47) - (-42 + -28).
86
7 + 21 + -2 + -14 + 1 - 71
-58
(40 - 34 - (-1 - -2)) + 2 + (44 - 163)
-112
What is the value of -25 + (-4 - -56 - 72)?
-45
6 + -9 + 6 + 4 - (-3 - -52 - -3)
-45
Evaluate 16 + -1 + 20 + 9 - (0 + 5).
39
What is the value of 1 - -12 - (-45 - (-69 + 5) - -38)?
-44
79 + -74 + 23 + -45
-17
What is the value of -374 + 33 + 33